[INFO] fetching crate rundeck 0.1.0...
[INFO] checking rundeck-0.1.0 against master#af3c6e733a40e671550e0f0f5aeecaa13772ba56 for pr-74989
[INFO] extracting crate rundeck 0.1.0 into /workspace/builds/worker-7/source
[INFO] validating manifest of crates.io crate rundeck 0.1.0 on toolchain af3c6e733a40e671550e0f0f5aeecaa13772ba56
[INFO] running `Command { std: "/workspace/cargo-home/bin/cargo" "+af3c6e733a40e671550e0f0f5aeecaa13772ba56" "read-manifest" "--manifest-path" "Cargo.toml", kill_on_drop: false }`
[INFO] started tweaking crates.io crate rundeck 0.1.0
[INFO] finished tweaking crates.io crate rundeck 0.1.0
[INFO] tweaked toml for crates.io crate rundeck 0.1.0 written to /workspace/builds/worker-7/source/Cargo.toml
[INFO] running `Command { std: "/workspace/cargo-home/bin/cargo" "+af3c6e733a40e671550e0f0f5aeecaa13772ba56" "generate-lockfile" "--manifest-path" "Cargo.toml" "-Zno-index-update", kill_on_drop: false }`
[INFO] running `Command { std: "/workspace/cargo-home/bin/cargo" "+af3c6e733a40e671550e0f0f5aeecaa13772ba56" "fetch" "--locked" "--manifest-path" "Cargo.toml", kill_on_drop: false }`
[INFO] [stderr]     Blocking waiting for file lock on package cache
[INFO] running `Command { std: "docker" "create" "-v" "/var/lib/crater-agent-workspace/builds/worker-7/target:/opt/rustwide/target:rw,Z" "-v" "/var/lib/crater-agent-workspace/builds/worker-7/source:/opt/rustwide/workdir:ro,Z" "-v" "/var/lib/crater-agent-workspace/cargo-home:/opt/rustwide/cargo-home:ro,Z" "-v" "/var/lib/crater-agent-workspace/rustup-home:/opt/rustwide/rustup-home:ro,Z" "-e" "SOURCE_DIR=/opt/rustwide/workdir" "-e" "CARGO_TARGET_DIR=/opt/rustwide/target" "-e" "CARGO_HOME=/opt/rustwide/cargo-home" "-e" "RUSTUP_HOME=/opt/rustwide/rustup-home" "-w" "/opt/rustwide/workdir" "-m" "1610612736" "--user" "0:0" "--network" "none" "rustops/crates-build-env@sha256:d92eaeed33fa75130ca1ee6c8a01d1ffb62bac859dfdfb3450e3e5d1c0146529" "/opt/rustwide/cargo-home/bin/cargo" "+af3c6e733a40e671550e0f0f5aeecaa13772ba56" "metadata" "--no-deps" "--format-version=1", kill_on_drop: false }`
[INFO] [stdout] 2a28029b0abc1ccc92904e20f558e195838b1b9ce410c7766eb2a25f8ad92c98
[INFO] [stderr] WARNING: Your kernel does not support swap limit capabilities or the cgroup is not mounted. Memory limited without swap.
[INFO] running `Command { std: "docker" "start" "-a" "2a28029b0abc1ccc92904e20f558e195838b1b9ce410c7766eb2a25f8ad92c98", kill_on_drop: false }`
[INFO] running `Command { std: "docker" "inspect" "2a28029b0abc1ccc92904e20f558e195838b1b9ce410c7766eb2a25f8ad92c98", kill_on_drop: false }`
[INFO] running `Command { std: "docker" "rm" "-f" "2a28029b0abc1ccc92904e20f558e195838b1b9ce410c7766eb2a25f8ad92c98", kill_on_drop: false }`
[INFO] [stdout] 2a28029b0abc1ccc92904e20f558e195838b1b9ce410c7766eb2a25f8ad92c98
[INFO] running `Command { std: "docker" "create" "-v" "/var/lib/crater-agent-workspace/builds/worker-7/target:/opt/rustwide/target:rw,Z" "-v" "/var/lib/crater-agent-workspace/builds/worker-7/source:/opt/rustwide/workdir:ro,Z" "-v" "/var/lib/crater-agent-workspace/cargo-home:/opt/rustwide/cargo-home:ro,Z" "-v" "/var/lib/crater-agent-workspace/rustup-home:/opt/rustwide/rustup-home:ro,Z" "-e" "SOURCE_DIR=/opt/rustwide/workdir" "-e" "CARGO_TARGET_DIR=/opt/rustwide/target" "-e" "CARGO_INCREMENTAL=0" "-e" "RUST_BACKTRACE=full" "-e" "RUSTFLAGS=--cap-lints=forbid" "-e" "CARGO_HOME=/opt/rustwide/cargo-home" "-e" "RUSTUP_HOME=/opt/rustwide/rustup-home" "-w" "/opt/rustwide/workdir" "-m" "1610612736" "--user" "0:0" "--network" "none" "rustops/crates-build-env@sha256:d92eaeed33fa75130ca1ee6c8a01d1ffb62bac859dfdfb3450e3e5d1c0146529" "/opt/rustwide/cargo-home/bin/cargo" "+af3c6e733a40e671550e0f0f5aeecaa13772ba56" "check" "--frozen" "--all" "--all-targets" "--message-format=json", kill_on_drop: false }`
[INFO] [stdout] 6cd813cd37e8eea3097c3f160bb256dec10a5e7379aca584b6aedc9458ded0a7
[INFO] [stderr] WARNING: Your kernel does not support swap limit capabilities or the cgroup is not mounted. Memory limited without swap.
[INFO] running `Command { std: "docker" "start" "-a" "6cd813cd37e8eea3097c3f160bb256dec10a5e7379aca584b6aedc9458ded0a7", kill_on_drop: false }`
[INFO] [stderr]    Compiling libc v0.2.77
[INFO] [stderr]     Checking lazy_static v1.4.0
[INFO] [stderr]    Compiling proc-macro2 v1.0.21
[INFO] [stderr]    Compiling pkg-config v0.3.18
[INFO] [stderr]    Compiling cc v1.0.59
[INFO] [stderr]    Compiling bitflags v1.2.1
[INFO] [stderr]     Checking foreign-types-shared v0.1.1
[INFO] [stderr]    Compiling serde v1.0.116
[INFO] [stderr]    Compiling httparse v1.3.4
[INFO] [stderr]     Checking futures-task v0.3.5
[INFO] [stderr]     Checking matches v0.1.8
[INFO] [stderr]     Checking tinyvec v0.3.4
[INFO] [stderr]    Compiling byteorder v1.3.4
[INFO] [stderr]    Compiling encoding_rs v0.8.24
[INFO] [stderr]    Compiling serde_derive v1.0.116
[INFO] [stderr]     Checking dtoa v0.4.6
[INFO] [stderr]    Compiling serde_json v1.0.57
[INFO] [stderr]     Checking ansi_term v0.11.0
[INFO] [stderr]     Checking encode_unicode v0.3.6
[INFO] [stderr]     Checking ipnet v2.3.0
[INFO] [stderr]     Checking term v0.4.6
[INFO] [stderr]     Checking strsim v0.8.0
[INFO] [stderr]     Checking yaml-rust v0.3.5
[INFO] [stderr]     Checking vec_map v0.8.2
[INFO] [stderr]     Checking lazy_static v0.2.11
[INFO] [stderr]    Compiling unicase v2.6.0
[INFO] [stderr]    Compiling indexmap v1.6.0
[INFO] [stderr]     Checking futures-channel v0.3.5
[INFO] [stderr]     Checking textwrap v0.11.0
[INFO] [stderr]     Checking foreign-types v0.3.2
[INFO] [stderr]     Checking unicode-bidi v0.3.4
[INFO] [stderr]     Checking tracing-core v0.1.16
[INFO] [stderr]     Checking unicode-normalization v0.1.13
[INFO] [stderr]     Checking want v0.3.0
[INFO] [stderr]     Checking tracing v0.1.19
[INFO] [stderr]    Compiling mime_guess v2.0.3
[INFO] [stderr]    Compiling openssl-sys v0.9.58
[INFO] [stderr]    Compiling quote v1.0.7
[INFO] [stderr]     Checking idna v0.2.0
[INFO] [stderr]     Checking net2 v0.2.35
[INFO] [stderr]     Checking iovec v0.1.4
[INFO] [stderr]     Checking time v0.1.44
[INFO] [stderr]     Checking socket2 v0.3.15
[INFO] [stderr]     Checking rand v0.4.6
[INFO] [stderr]     Checking termios v0.3.2
[INFO] [stderr]     Checking terminal_size v0.1.13
[INFO] [stderr]     Checking memchr v1.0.2
[INFO] [stderr]     Checking atty v0.2.14
[INFO] [stderr]    Compiling syn v1.0.40
[INFO] [stderr]     Checking clap v2.33.3
[INFO] [stderr]     Checking console v0.12.0
[INFO] [stderr]     Checking mio v0.6.22
[INFO] [stderr]     Checking csv v0.15.0
[INFO] [stderr]    Compiling openssl v0.10.30
[INFO] [stderr]    Compiling native-tls v0.2.4
[INFO] [stderr]     Checking url v2.1.1
[INFO] [stderr]     Checking prettytable-rs v0.6.7
[INFO] [stderr]     Checking rand v0.3.23
[INFO] [stderr]     Checking tempfile v2.2.0
[INFO] [stderr]     Checking tokio v0.2.22
[INFO] [stderr]     Checking dialoguer v0.1.0
[INFO] [stderr]     Checking serde_urlencoded v0.6.1
[INFO] [stderr]     Checking tokio-util v0.3.1
[INFO] [stderr]     Checking tokio-tls v0.3.1
[INFO] [stderr]    Compiling pin-project-internal v0.4.23
[INFO] [stderr]     Checking pin-project v0.4.23
[INFO] [stderr]     Checking futures-util v0.3.5
[INFO] [stderr]     Checking h2 v0.2.6
[INFO] [stderr]     Checking hyper v0.13.7
[INFO] [stderr]     Checking hyper-tls v0.4.3
[INFO] [stderr]     Checking reqwest v0.10.8
[INFO] [stderr]     Checking rundeck v0.1.0 (/opt/rustwide/workdir)
[INFO] [stdout] error[E0432]: unresolved imports `reqwest::header::Headers`, `reqwest::header::ContentType`, `reqwest::header::Accept`
[INFO] [stdout]   --> src/main.rs:19:23
[INFO] [stdout]    |
[INFO] [stdout] 19 | use reqwest::header::{Headers, ContentType, Accept};
[INFO] [stdout]    |                       ^^^^^^^  ^^^^^^^^^^^  ^^^^^^ no `Accept` in `header`
[INFO] [stdout]    |                       |        |
[INFO] [stdout]    |                       |        no `ContentType` in `header`
[INFO] [stdout]    |                       no `Headers` in `header`
[INFO] [stdout] 
[INFO] [stdout] 
[INFO] [stdout] error[E0432]: unresolved imports `reqwest::header::Headers`, `reqwest::header::ContentType`, `reqwest::header::Accept`
[INFO] [stdout]  --> src/api/mod.rs:2:23
[INFO] [stdout]   |
[INFO] [stdout] 2 | use reqwest::header::{Headers, ContentType, Accept};
[INFO] [stdout]   |                       ^^^^^^^  ^^^^^^^^^^^  ^^^^^^ no `Accept` in `header`
[INFO] [stdout]   |                       |        |
[INFO] [stdout]   |                       |        no `ContentType` in `header`
[INFO] [stdout]   |                       no `Headers` in `header`
[INFO] [stdout] 
[INFO] [stdout] 
[INFO] [stdout] error[E0432]: unresolved imports `reqwest::header::Headers`, `reqwest::header::ContentType`, `reqwest::header::Accept`
[INFO] [stdout]   --> src/main.rs:19:23
[INFO] [stdout]    |
[INFO] [stdout] 19 | use reqwest::header::{Headers, ContentType, Accept};
[INFO] [stdout]    |                       ^^^^^^^  ^^^^^^^^^^^  ^^^^^^ no `Accept` in `header`
[INFO] [stdout]    |                       |        |
[INFO] [stdout]    |                       |        no `ContentType` in `header`
[INFO] [stdout]    |                       no `Headers` in `header`
[INFO] [stdout] 
[INFO] [stdout] 
[INFO] [stdout] error[E0432]: unresolved imports `reqwest::header::Headers`, `reqwest::header::ContentType`, `reqwest::header::Accept`
[INFO] [stdout]  --> src/api/mod.rs:2:23
[INFO] [stdout]   |
[INFO] [stdout] 2 | use reqwest::header::{Headers, ContentType, Accept};
[INFO] [stdout]   |                       ^^^^^^^  ^^^^^^^^^^^  ^^^^^^ no `Accept` in `header`
[INFO] [stdout]   |                       |        |
[INFO] [stdout]   |                       |        no `ContentType` in `header`
[INFO] [stdout]   |                       no `Headers` in `header`
[INFO] [stdout] 
[INFO] [stdout] 
[INFO] [stdout] error[E0599]: no method named `expect` found for struct `reqwest::Client` in the current scope
[INFO] [stdout]   --> src/api/mod.rs:26:44
[INFO] [stdout]    |
[INFO] [stdout] 26 |         let inner = reqwest::Client::new().expect("Cannot create an HTTP client");
[INFO] [stdout]    |                                            ^^^^^^ method not found in `reqwest::Client`
[INFO] [stdout] 
[INFO] [stdout] 
[INFO] [stdout] error[E0599]: no associated item named `Options` found for struct `Method` in the current scope
[INFO] [stdout]   --> src/api/mod.rs:45:59
[INFO] [stdout]    |
[INFO] [stdout] 45 | ...   let mut req = self.inner.request(reqwest::Method::Options, &format!("{}", self.url)).expect("Unable to build the check http request");
[INFO] [stdout]    |                                                         ^^^^^^^ associated item not found in `Method`
[INFO] [stdout] 
[INFO] [stdout] 
[INFO] [stdout] error[E0599]: no method named `expect` found for struct `RequestBuilder` in the current scope
[INFO] [stdout]   --> src/api/mod.rs:45:94
[INFO] [stdout]    |
[INFO] [stdout] 45 | ...   let mut req = self.inner.request(reqwest::Method::Options, &format!("{}", self.url)).expect("Unable to build the check http request");
[INFO] [stdout]    |                                                                                            ^^^^^^ method not found in `RequestBuilder`
[INFO] [stdout] 
[INFO] [stdout] 
[INFO] [stdout] error[E0599]: no method named `unwrap` found for struct `RequestBuilder` in the current scope
[INFO] [stdout]   --> src/api/mod.rs:61:44
[INFO] [stdout]    |
[INFO] [stdout] 61 |         let mut res = self.inner.get(&url).unwrap()
[INFO] [stdout]    |                                            ^^^^^^ method not found in `RequestBuilder`
[INFO] [stdout] 
[INFO] [stdout] 
[INFO] [stdout] error[E0599]: no method named `unwrap` found for struct `RequestBuilder` in the current scope
[INFO] [stdout]   --> src/api/mod.rs:85:31
[INFO] [stdout]    |
[INFO] [stdout] 85 |         self.inner.post(&url).unwrap()
[INFO] [stdout]    |                               ^^^^^^ method not found in `RequestBuilder`
[INFO] [stdout] 
[INFO] [stdout] 
[INFO] [stdout] warning: unused import: `std::io::Read`
[INFO] [stdout]  --> src/api/mod.rs:4:5
[INFO] [stdout]   |
[INFO] [stdout] 4 | use std::io::Read;
[INFO] [stdout]   |     ^^^^^^^^^^^^^
[INFO] [stdout]   |
[INFO] [stdout]   = note: `#[warn(unused_imports)]` on by default
[INFO] [stdout] 
[INFO] [stdout] 
[INFO] [stdout] error: aborting due to 7 previous errors; 1 warning emitted
[INFO] [stdout] 
[INFO] [stdout] 
[INFO] [stdout] error[E0599]: no method named `expect` found for struct `reqwest::Client` in the current scope
[INFO] [stdout]   --> src/api/mod.rs:26:44
[INFO] [stdout]    |
[INFO] [stdout] 26 |         let inner = reqwest::Client::new().expect("Cannot create an HTTP client");
[INFO] [stdout]    |                                            ^^^^^^ method not found in `reqwest::Client`
[INFO] [stdout] 
[INFO] [stdout] 
[INFO] [stdout] Some errors have detailed explanations: E0432, E0599.
[INFO] [stdout] 
[INFO] [stdout] For more information about an error, try `rustc --explain E0432`.
[INFO] [stdout] 
[INFO] [stdout] error[E0599]: no associated item named `Options` found for struct `Method` in the current scope
[INFO] [stdout]   --> src/api/mod.rs:45:59
[INFO] [stdout]    |
[INFO] [stdout] 45 | ...   let mut req = self.inner.request(reqwest::Method::Options, &format!("{}", self.url)).expect("Unable to build the check http request");
[INFO] [stdout]    |                                                         ^^^^^^^ associated item not found in `Method`
[INFO] [stdout] 
[INFO] [stdout] 
[INFO] [stderr] error: could not compile `rundeck`.
[INFO] [stderr] 
[INFO] [stderr] To learn more, run the command again with --verbose.
[INFO] [stderr] warning: build failed, waiting for other jobs to finish...
[INFO] [stdout] error[E0599]: no method named `expect` found for struct `RequestBuilder` in the current scope
[INFO] [stdout]   --> src/api/mod.rs:45:94
[INFO] [stdout]    |
[INFO] [stdout] 45 | ...   let mut req = self.inner.request(reqwest::Method::Options, &format!("{}", self.url)).expect("Unable to build the check http request");
[INFO] [stdout]    |                                                                                            ^^^^^^ method not found in `RequestBuilder`
[INFO] [stdout] 
[INFO] [stdout] 
[INFO] [stdout] error[E0599]: no method named `unwrap` found for struct `RequestBuilder` in the current scope
[INFO] [stdout]   --> src/api/mod.rs:61:44
[INFO] [stdout]    |
[INFO] [stdout] 61 |         let mut res = self.inner.get(&url).unwrap()
[INFO] [stdout]    |                                            ^^^^^^ method not found in `RequestBuilder`
[INFO] [stdout] 
[INFO] [stdout] 
[INFO] [stdout] error[E0599]: no method named `unwrap` found for struct `RequestBuilder` in the current scope
[INFO] [stdout]   --> src/api/mod.rs:85:31
[INFO] [stdout]    |
[INFO] [stdout] 85 |         self.inner.post(&url).unwrap()
[INFO] [stdout]    |                               ^^^^^^ method not found in `RequestBuilder`
[INFO] [stdout] 
[INFO] [stdout] 
[INFO] [stdout] warning: unused import: `std::io::Read`
[INFO] [stdout]  --> src/api/mod.rs:4:5
[INFO] [stdout]   |
[INFO] [stdout] 4 | use std::io::Read;
[INFO] [stdout]   |     ^^^^^^^^^^^^^
[INFO] [stdout]   |
[INFO] [stdout]   = note: `#[warn(unused_imports)]` on by default
[INFO] [stdout] 
[INFO] [stdout] 
[INFO] [stdout] error: aborting due to 7 previous errors; 1 warning emitted
[INFO] [stdout] 
[INFO] [stdout] 
[INFO] [stdout] Some errors have detailed explanations: E0432, E0599.
[INFO] [stdout] 
[INFO] [stdout] For more information about an error, try `rustc --explain E0432`.
[INFO] [stdout] 
[INFO] [stderr] error: build failed
[INFO] running `Command { std: "docker" "inspect" "6cd813cd37e8eea3097c3f160bb256dec10a5e7379aca584b6aedc9458ded0a7", kill_on_drop: false }`
[INFO] running `Command { std: "docker" "rm" "-f" "6cd813cd37e8eea3097c3f160bb256dec10a5e7379aca584b6aedc9458ded0a7", kill_on_drop: false }`
[INFO] [stdout] 6cd813cd37e8eea3097c3f160bb256dec10a5e7379aca584b6aedc9458ded0a7
